) = t**2 + 5*t - 6. Let g be r(d). What is the greatest common factor of g and 56?
8
Let j be (6 + -1)/((-2)/56). Let m = -44 - j. Suppose 0 = 2*d + 7 - 31. What is the highest common factor of d and m?
12
Let n be -3 + (3 - 3) + 4. Suppose 5*b - 4 = n. Let q(d) = 91*d**3 - d**2. Let k be q(b). What is the highest common divisor of 18 and k?
18
Suppose 5*l = 85 + 50. Let h(u) = -4*u**2 - 7*u - 7 + 5*u**2 - 2*u**2 + 0*u**2. Let y be h(-5). Calculate the greatest common divisor of l and y.
3
Suppose 4*g = 3*g - s, 5*g = 3*s + 32. Let n = g + -2. Let a be (9/(-6) + n)*6. What is the greatest common factor of a and 9?
3
Let j(u) = -u**2 + 16*u + 3. Let x be j(15). What is the highest common factor of 18 and x?
18
Suppose 6 = l + 1. Let a be (6/5)/((-6)/(-20)). Suppose -a*s + 0*s = -20. What is the highest common divisor of l and s?
5
Suppose -2*g - 4 = -3*g. Suppose -8*b = -g*b - 72. What is the highest common factor of 18 and b?
18
Suppose -15*q + 12*q = -204. Calculate the greatest common divisor of q and 17.
17
Let a = 98 - 38. Let d(w) = -w**3 - 12*w**2 - 3*w - 26. Let p be d(-12). Calculate the greatest common factor of p and a.
10
Let p(x) = -3*x. Suppose -5*u - y = 15, 17 + 18 = -5*u + 3*y. Let f be p(u). Let v be -8*(-2 - (-3)/f). What is the greatest common factor of v and 154?
14
Let f(x) = 2*x**3 - x**2 + x + 13. Let y be f(0). What is the highest common factor of y and 39?
13
Let l = -106 + 130. Calculate the greatest common factor of l and 12.
12
Suppose 4*z = 20 + 40. Let r be z/(-6)*(-8)/10. Suppose -3*b = a - 57, 50 = r*a + 5*b - 63. Calculate the greatest common factor of a and 36.
18
Suppose -3*w + 6 = -2*v + 3, 2*v + w = 17. Let g(r) = 9*r - 9. Let c be g(v). What is the greatest common factor of 30 and c?
15
Let m = -70 - -102. Calculate the highest common divisor of m and 8.
8
Suppose 7*w = 2*w + 15. Let y(q) be the third derivative of q**4/6 - 2*q**3/3 - 3*q**2. Let d be y(w). Calculate the highest common divisor of 24 and d.
8
Suppose -24 = -6*y + 5*y. Suppose -9 - y = -3*t. Calculate the highest common factor of t and 77.
11
Let f(i) = -5*i - 5. Let c be f(-5). Let r be (-1 + 20/2)*c. What is the highest common divisor of r and 20?
20
Let i = 89 + -61. Calculate the greatest common factor of 4 and i.
4
Suppose -3*t + 4*x + 50 = 0, 2*x = 6*x + 20. Suppose -2*s + t = -s. What is the highest common divisor of s and 25?
5
Let f = 94 + -70. What is the greatest common factor of f and 264?
24
Suppose 0 = y - 4 - 3. Suppose -2*p = -0*p - 8. Let i = y - p. Calculate the highest common factor of i and 21.
3
Let y = -1 - -3. Suppose 4*o - 12 = y*o. Suppose -2*t - 4 = -o*t. Calculate the highest common divisor of t and 2.
1
Let s = -6 + 11. Suppose -s - 20 = -5*c. Let w = 11 - 6. What is the greatest common factor of c and w?
5
Let p = -267 + 290. Suppose 5*y + 48 = 508. Calculate the highest common factor of p and y.
23
Let j = -13 + 18. Let t be 2/(-10) - (-191)/j. Calculate the greatest common factor of 57 and t.
19
Let i = -5 + 12. Let p be (-1)/(-2) + (-4)/(-8). Calculate the highest common divisor of i and p.
1
Suppose -2*w + 76 = -3*o - 74, -4*o + 136 = 2*w. Calculate the highest common factor of w and 8.
8
Suppose -4*o - 14 = -7*o + s, -5*s - 6 = o. Let g = -7 - 8. Let p(v) = v + 17. Let q be p(g). Calculate the highest common divisor of o and q.
2
Suppose -5*i = -4*w + 75, -w - 2*w + 3*i + 60 = 0. Calculate the highest common factor of 125 and w.
25
Suppose -x + 9 = 2*o, 3*x - 13 - 6 = -4*o. Suppose -o*k - 3*n = -30, -k + n + 5 = -6. Calculate the highest common factor of 54 and k.
9
Let j = 7 - 6. Calculate the greatest common divisor of 5 and j.
1
Suppose 5*o + 2 = 12. Let t = o + 2. What is the greatest common factor of 6 and t?
2
Suppose -5*d + k = 51, -3*k - 41 = 3*d - k. Let f = d - -15. Calculate the greatest common factor of f and 16.
4
Let j(n) be the first derivative of 5*n**3 + n**2 + n + 2. Let w be j(-1). What is the highest common factor of 21 and w?
7
Let o be (-238)/(-21) - (-4)/6. Calculate the highest common divisor of 84 and o.
12
Let r(o) = -o**3 + 6*o**2 - 3*o + 6. Let x be r(4). Let a be 2 + (0 - (-2 + -1)). Suppose -128 - 67 = -a*q. Calculate the highest common factor of q and x.
13
Let k(x) = 8*x**2 + x - 1. Suppose 5 = 5*v - 0. Let b be k(v). Calculate the greatest common divisor of 32 and b.
8
Let j = -14 - -33. Calculate the greatest common factor of j and 19.
19
Let j be (-3)/(-2*3/20). Let k be (1 - (-6 + 2))*1. Suppose 4*l + 7*z = 4*z + 185, 3*z = -k*l + 235. What is the greatest common factor of j and l?
10
Suppose 12 = -3*o, o + 19 = -0*h + h. Calculate the highest common factor of 30 and h.
15
Suppose 0 = -5*q + 6 + 4. Calculate the greatest common factor of 14 and q.
2
Let w = 4 - -3. Suppose 4*m - w = 3*m - 2*p, -m - 2 = 5*p. What is the highest common factor of 13 and m?
13
Let p = 5 - 6. Let c = -1 - p. Suppose c = 3*m + 2*m - 5. What is the highest common divisor of 7 and m?
1
Suppose 0 = j + j - 46. Calculate the greatest common factor of 92 and j.
23
Let r(l) = l**2 + 6*l + 5. Let v = -8 - -16. Let j be r(v). What is the highest common divisor of 13 and j?
13
Let m be (-1832)/10 - 1/(-5). Let u = 264 + m. Suppose -1 = 4*s - u. Calculate the highest common divisor of 60 and s.
20
Suppose 2*q + 4*j = 36, -4*j + 28 = -4*q + 5*q. Let s(r) = -17*r + 3. Let p be s(-5). Calculate the greatest common divisor of p and q.
8
Suppose 0 = 4*b - 43 - 49. Let j = 170 - -37. Calculate the greatest common divisor of j and b.
23
Suppose 51 = 2*z + 4*g + 3, -5*z + 4*g = -176. What is the greatest common factor of z and 8?
8
Suppose 0 = -m + 14 + 3. Calculate the greatest common factor of 119 and m.
17
Let z = 105 - 55. Suppose 0 = 5*v - 117 + 17. Suppose w - v = -w. What is the highest common divisor of w and z?
10
Suppose 6 + 24 = 2*o. What is the greatest common divisor of 30 and o?
15
Suppose o - 26 = 3*h + 2*h, 4*o - 4*h - 72 = 0. Calculate the greatest common factor of 2 and o.
2
Let x(h) = -16*h - 1. Let t be x(-4). Calculate the highest common factor of 9 and t.
9
Suppose 5*h - g = 72, -2*g - 57 = -4*h - g. What is the highest common factor of 15 and h?
15
Suppose 4*c - 823 = -83. Calculate the greatest common factor of c and 74.
37
Let m(k) = -2*k - 11. Let l be m(-14). Calculate the greatest common divisor of 85 and l.
17
Let z be 11*4 + -1 - 0. Let t = 41 + z. Let b(r) = 6*r + 3. Let m be b(3). What is the greatest common factor of m and t?
21
Let j(u) be the first derivative of 65*u**3/3 + u**2/2 + u - 2. Let q be j(-1). Calculate the greatest common divisor of 26 and q.
13
Suppose 3*k = -t + 251 - 53, 3*t - 74 = -k. Suppose -34 = -2*z - 8. Calculate the highest common divisor of z and k.
13
Let o be -15*(1 - 11/3). Suppose o = 2*f + 2*m - 4*m, -3*m + 12 = f. Calculate the highest common divisor of f and 6.
6
Suppose 4*z - 3 + 7 = 0. Let p be z/5 - (-255)/25. Calculate the highest common divisor of p and 10.
10
Let k = 17 - -28. What is the greatest common divisor of 60 and k?
15
Let l = -11 + 20. What is the greatest common divisor of 3 and l?
3
Let h = -63 + 109. What is the highest common divisor of 23 and h?
23
Let a(h) = h**2 - 6*h + 10. Let n be a(7). What is the greatest common divisor of 85 and n?
17
Suppose -y = -4*y + 9. Let b = -22 + 25. What is the greatest common divisor of b and y?
3
Let d = -8 + 68. Let q(c) = -c**2 + 11*c - 4. Let l be q(7). Calculate the greatest common factor of d and l.
12
Let v = 297 + 11. What is the highest common factor of v and 44?
44
Let v(x) = 2*x**2 - 8*x + 9. Let j be v(9). Calculate the greatest common divisor of j and 11.
11
Let m be ((-45)/12)/(2/(-16)). Suppose 38 = -d + 113. What is the greatest common factor of m and d?
15
Suppose 4*b - j = 20, 3*b + 0*j - 15 = 5*j. Suppose -b*g = 344 - 929. What is the highest common factor of g and 13?
13
Let f be (-4)/(-6) - 24/9. Let h = f + 4. Suppose 5 = 5*s, -4*g + 318 = h*s - 4*s. Calculate the highest common divisor of g and 10.
10
Let u = -3 - 0. Let w = 7 - u. Calculate the greatest common divisor of 4 and w.
2
Suppose 6*b - 36 = -0*b. Calculate the greatest common factor of b and 24.
6
Let q(j) = j**3 + 9*j**2 + 20*j + 14. Let m be q(-6). Suppose 3*a - 4 - 8 = 0. Calculate the greatest common d